8957459 a prime number?
True
Is 17130877 composite?
False
Is 60865019 a composite number?
True
Is 73893597 composite?
True
Is 187282507 a prime number?
False
Is 5271107 prime?
True
Is 57541843 a composite number?
False
Is 372181 composite?
True
Is 126671719 a prime number?
False
Is 61656803 prime?
False
Is 7106591 a prime number?
True
Is 5288651 a composite number?
True
Is 20940207 a composite number?
True
Is 24438341 a prime number?
True
Is 24011197 composite?
True
Is 32376067 a composite number?
False
Is 740657 prime?
False
Is 14360509 a prime number?
False
Is 1135489 composite?
True
Is 17108197 a prime number?
False
Is 55605367 a prime number?
False
Is 60675791 a composite number?
True
Is 7712807 prime?
True
Is 180793 a composite number?
False
Is 1222471 a prime number?
True
Is 94815823 composite?
True
Is 7473457 prime?
False
Is 8606327 prime?
True
Is 2423081 composite?
True
Is 7587379 a composite number?
False
Is 456067813 prime?
False
Is 1383319237 a composite number?
False
Is 383485301 a composite number?
True
Is 225938681 a prime number?
False
Is 240266721 a prime number?
False
Is 7744151 a prime number?
True
Is 12500833 prime?
False
Is 554887129 composite?
False
Is 34164217 a prime number?
False
Is 9917939 prime?
True
Is 52599613 prime?
False
Is 9887221 a composite number?
False
Is 96596653 prime?
True
Is 3289087 a composite number?
False
Is 11000189 composite?
False
Is 33922169 composite?
False
Is 7849 a prime number?
False
Is 49067911 prime?
True
Is 69379717 prime?
False
Is 10558397 composite?
False
Is 306802802 a composite number?
True
Is 1469287 composite?
False
Is 1037602 a composite number?
True
Is 181541 a prime number?
False
Is 9048163 a prime number?
True
Is 22001597 a prime number?
True
Is 5858927 composite?
False
Is 2868839 a prime number?
False
Is 1120503 prime?
False
Is 5430023 a composite number?
False
Is 766093 a composite number?
True
Is 29627147 a prime number?
False
Is 1124221 a composite number?
True
Is 14617051 a prime number?
True
Is 2454833 a prime number?
True
Is 34947739 a prime number?
True
Is 6213827 a composite number?
False
Is 189747083 a prime number?
False
Is 6727927 prime?
True
Is 49993171 a composite number?
False
Is 7795609 composite?
True
Is 13768829 a composite number?
True
Is 5644049 prime?
False
Is 79036369 a prime number?
False
Is 1132073381 prime?
True
Is 34131313 prime?
False
Is 1358611 a prime number?
True
Is 1691279 composite?
True
Is 39536281 a composite number?
False
Is 1647431 a composite number?
True
Is 4783 composite?
False
Is 3049589 composite?
False
Is 8825171 a prime number?
True
Is 6735551 a composite number?
True
Is 4352687 prime?
True
Is 1856713 a prime number?
True
Is 535995337 a prime number?
False
Is 77686863 a composite number?
True
Is 2621881 prime?
True
Is 188884307 a prime number?
True
Is 2431883 composite?
True
Is 1579041247 prime?
False
Is 40543973 composite?
False
Is 970939 a prime number?
True
Is 226991 a composite number?
False
Is 9114991 a prime number?
True
Is 1847519 a prime number?
False
Is 133385831 a composite number?
False
Is 63675587 a composite number?
False
Is 506459 a composite number?
False
Is 4517669 a composite number?
True
Is 216619279 composite?
False
Is 328597483 a prime number?
True
Is 101074967 prime?
False
Is 54497851 a prime number?
True
Is 20861 a prime number?
False
Is 8425813 a prime number?
False
Is 1740611 a composite number?
False
Is 340447 composite?
False
Is 912997 composite?
True
Is 10164461 a composite number?
True
Is 21561983 composite?
True
Is 404665 a prime number?
False
Is 3433333 a composite number?
False
Is 5966917 prime?
False
Is 112099 a prime number?
False
Is 29221781 a prime number?
True
Is 9353411 prime?
True
Is 430435277 prime?
True
Is 212929 a prime number?
False
Is 3817111 a composite number?
False
Is 6486029 a composite number?
True
Is 862157 a composite number?
False
Is 40260907 a prime number?
True
Is 10173551 a prime number?
True
Is 72453917 composite?
False
Is 6879193 a composite number?
False
Is 3452653 composite?
True
Is 9101957 a composite number?
True
Is 88333559 prime?
False
Is 79245003 a prime number?
False
Is 38092685 prime?
False
Is 41129065 a composite number?
True
Is 442088747 prime?
False
Is 34021181 composite?
True
Is 12678739 a composite number?
False
Is 228383 a prime number?
True
Is 681541711 prime?
True
Is 59000005 prime?
False
Is 901382 a prime number?
False
Is 157767913 a prime number?
True
Is 21548771 a composite number?
False
Is 295350799 a composite number?
True
Is 1998827 prime?
True
Is 9543613 a composite number?
True
Is 51933811 a prime number?
True
Is 73983489 composite?
True
Is 4887121 prime?
False
Is 512839031 prime?
True
Is 1050287 a prime number?
False
Is 22221314 prime?
False
Is 394246389 a prime number?
False
Is 30767827 a prime number?
True
Is 247438871 prime?
True
Is 725619739 composite?
True
Is 7604909 a composite number?
True
Is 20604905 a prime number?
False
Is 75294487 prime?
False
Is 7922807 a prime number?
False
Is 7519987 composite?
False
Is 239149 a prime number?
False
Is 85452463 a composite number?
True
Is 4597669 a prime number?
True
Is 112831105 prime?
False
Is 662477 a composite number?
False
Is 23884582 a composite number?
True
Is 5293391 a prime number?
True
Is 2918414 composite?
True
Is 10398587 a composite number?
False
Is 2377673 a prime number?
True
Is 5126323 prime?
True
Is 1144643 a prime number?
True
Is 195389083 composite?
False
Is 170423797 a composite number?
True
Is 227407891 a composite number?
False
Is 15702979 composite?
False
Is 3573373 a prime number?
True
Is 2713493 composite?
False
Is 996689 composite?
False
Is 76742483 a prime number?
True
Is 5456429 composite?
True
Is 28538219 prime?
False
Is 245602239 a prime number?
False
Is 117577477 prime?
True
Is 22276517 a prime number?
True
Is 1983197 a prime number?
True
Is 65451889 a composite number?
False
Is 492755983 a composite number?
True
Is 6283317 a composite number?
True
Is 1801607 composite?
True
Is 174785641 a prime number?
False
Is 13419877 composite?
False
Is 3016747 a composite number?
False
Is 74292913 prime?
True
Is 252015629 composite?
False
Is 5221283 prime?
True
Is 11763671 prime?
True
Is 4197821 a composite number?
False
Is 91815461 prime?
True
Is 130559411 prime?
True
Is 1533841 composite?
False
Is 376384999 a composite number?
False
Is 20699657 composite?
True
Is 2283913 a composite number?
True
Is 32256881 prime?
True
Is 13305857 a prime number?
False
Is 11508923 a composite number?
True
Is 1080127 prime?
False
Is 87311149 a composite number?
False
Is 44221 prime?
True
Is 20214611 a prime number?
True
Is 2290003 composite?
False
Is 2002523 a prime number?
True
Is 53170519 a composite number?
False
Is 128893597 a prime number?
False
Is 114587791 a prime number?
False
Is 737657 a composite number?
False
Is 22208449 a prime number?
True
Is 47552935 prime?
False
Is 3089497 a prime number?
True
Is 122882 prime?
False
Is 107133449 composite?
False
Is 19307419 prime?
False
Is 1670353 prime?
True
Is 2360558 composite?
True
Is 1444927 a composite number?
True
Is 4644223 composite?
True
Is 5198663 a composite number?
False
Is 446368229 a composite number?
False
Is 1011459 prime?
False
Is 62450837 prime?
True
Is 7506067 prime?
False
Is 14312201 a composite number?
False
Is 2549695 a prime number?
False
Is 14803163 a prime number?
True
Is 24803641 composite?
False
Is 61004957 prime?
False
Is 6082607 prime?
True
Is 8339711 prime?
True
Is 308051033 prime?
False
Is 34258678 a prime number?
False
Is 23266553 a composite number?
True
Is 2628391 prime?
False
Is 8027949 prime?
False
Is 62265473 composite?
True
Is 2153267 composite?
False
Is 3111443 a composite number?
True
Is 150022721 a prime number?
False
Is 91423754 prime?
False
Is 24246737 composite?
True
Is 74230181 a prime number?
True
Is 1006465337 prime?
True
Is 11863021 prime?
True
Is 7864321 a composite number?
True
Is 138708959 a prime number?
True
Is 442271 prime?
True
Is 117513569 prime?
True
Is 85687051 composite?
False
Is 19436537 a composite number?
False
Is 268712701 a prime number?
True
Is 44789401 prime?
True
Is 13539371 a composite number?
True
Is 146043641 a prime number?
False
Is 10315843 prime?
True
Is 3222551 composite?
False
Is 20